 38345 is divided by 6389.
11
What is the remainder when 244206 is divided by 303?
291
What is the remainder when 3345 is divided by 19?
1
What is the remainder when 512149 is divided by 3221?
10
What is the remainder when 1707 is divided by 420?
27
What is the remainder when 3418 is divided by 1201?
1016
Calculate the remainder when 6319388 is divided by 73.
70
What is the remainder when 87173 is divided by 43559?
55
What is the remainder when 15846 is divided by 2366?
1650
Calculate the remainder when 1257 is divided by 24.
9
What is the remainder when 3220 is divided by 1591?
38
Calculate the remainder when 765 is divided by 396.
369
Calculate the remainder when 20326 is divided by 4031.
171
Calculate the remainder when 5099 is divided by 51.
50
Calculate the remainder when 81659 is divided by 81648.
11
Calculate the remainder when 17254 is divided by 208.
198
Calculate the remainder when 16894 is divided by 79.
67
What is the remainder when 3244 is divided by 20?
4
What is the remainder when 5051 is divided by 869?
706
Calculate the remainder when 9717 is divided by 20.
17
Calculate the remainder when 38568 is divided by 186.
66
Calculate the remainder when 78797 is divided by 82.
77
What is the remainder when 8696 is divided by 77?
72
What is the remainder when 3313 is divided by 115?
93
Calculate the remainder when 354635 is divided by 806.
801
Calculate the remainder when 91830 is divided by 45750.
330
Calculate the remainder when 128332 is divided by 17.
16
What is the remainder when 2267 is divided by 54?
53
What is the remainder when 103075 is divided by 339?
19
Calculate the remainder when 10597 is divided by 120.
37
Calculate the remainder when 432739 is divided by 218.
9
What is the remainder when 906 is divided by 47?
13
Calculate the remainder when 368016 is divided by 3717.
33
What is the remainder when 75555 is divided by 14?
11
Calculate the remainder when 1135 is divided by 102.
13
What is the remainder when 276 is divided by 56?
52
What is the remainder when 11968 is divided by 70?
68
What is the remainder when 324701 is divided by 137?
11
What is the remainder when 4632 is divided by 41?
40
What is the remainder when 52467 is divided by 383?
379
What is the remainder when 1406754 is divided by 141?
138
Calculate the remainder when 1228 is divided by 131.
49
What is the remainder when 4698 is divided by 75?
48
What is the remainder when 32196 is divided by 916?
136
Calculate the remainder when 61269 is divided by 61262.
7
What is the remainder when 2670 is divided by 15?
0
What is the remainder when 28278 is divided by 24?
6
What is the remainder when 22252 is divided by 11119?
14
Calculate the remainder when 26968 is divided by 111.
106
What is the remainder when 5473 is divided by 19?
1
What is the remainder when 3991 is divided by 651?
85
What is the remainder when 3264 is divided by 249?
27
What is the remainder when 102644 is divided by 2095?
2084
What is the remainder when 3326 is divided by 471?
29
What is the remainder when 4429147 is divided by 182?
177
What is the remainder when 497138 is divided by 469?
467
What is the remainder when 11916 is divided by 77?
58
What is the remainder when 4084 is divided by 162?
34
Calculate the remainder when 7398 is divided by 51.
3
Calculate the remainder when 2282 is divided by 148.
62
What is the remainder when 122836 is divided by 17539?
63
What is the remainder when 25009 is divided by 864?
817
What is the remainder when 73852 is divided by 99?
97
Calculate the remainder when 2554 is divided by 180.
34
What is the remainder when 31052 is divided by 60?
32
Calculate the remainder when 30997 is divided by 246.
1
Calculate the remainder when 154966 is divided by 22136.
14
What is the remainder when 5364 is divided by 2627?
110
Calculate the remainder when 178463 is divided by 362.
359
What is the remainder when 8991 is divided by 4492?
7
What is the remainder when 2694 is divided by 1325?
44
Calculate the remainder when 9866 is divided by 340.
6
Calculate the remainder when 109881 is divided by 13.
5
What is the remainder when 2445 is divided by 1220?
5
What is the remainder when 11505 is divided by 289?
234
Calculate the remainder when 2256 is divided by 635.
351
Calculate the remainder when 349861 is divided by 359.
195
What is the remainder when 1093 is divided by 426?
241
Calculate the remainder when 18991 is divided by 18988.
3
What is the remainder when 78313 is divided by 28?
25
What is the remainder when 3498065 is divided by 2574?
2573
What is the remainder when 9450719 is divided by 12?
11
What is the remainder when 1531 is divided by 1089?
442
Calculate the remainder when 11437 is divided by 117.
88
What is the remainder when 2415 is divided by 403?
400
Calculate the remainder when 3949 is divided by 268.
197
Calculate the remainder when 2431 is divided by 19.
18
What is the remainder when 19490 is divided by 57?
53
What is the remainder when 2414 is divided by 779?
77
Calculate the remainder when 2515 is divided by 452.
255
Calculate the remainder when 2622 is divided by 67.
9
What is the remainder when 13175 is divided by 400?
375
Calculate the remainder when 277824 is divided by 328.
8
What is the remainder when 2496 is divided by 1089?
318
What is the remainder when 82070 is divided by 603?
62
Calculate the remainder when 24939 is divided by 8302.
33
What is the remainder when 105304 is divided by 966?
10
Calculate the remainder when 14910 is divided by 88.
38
Calculate the remainder when 59039 is divided by 180.
179
What is the remainder when 1481 is divided by 666?
149
What is the remainder when 3441 is divided by 49?
11
Calculate the remainder when 20159 is divided by 1257.
47
What is the remainder when 437969 is divided by 39?
38
Calculate the remainder when 1394 is divided by 127.
124
Calculate the remainder when 1984 is divided by 1896.
88
Calculate the remainder when 154510 is divided by 18.
16
What is the remainder when 1000 is divided by 897?
103
Calculate the remainder when 2870 is divided by 181.
155
Calculate the remainder when 541923 is divided by 13.
5
What is the remainder when 5617 is divided by 108?
1
What is the remainder when 6752 is divided by 241?
4
Calculate the remainder when 46924 is divided by 54.
52
What is the remainder when 18530 is divided by 3630?
380
Calculate the remainder when 29790 is divided by 14.
12
What is the remainder when 3669 is divided by 80?
69
What is the remainder when 16116 is divided by 21?
9
Calculate the remainder when 212040 is divided by 2356.
0
Calculate the remainder when 41903 is divided by 1995.
8
Calculate the remainder when 58902 is divided by 58872.
30
What is the remainder when 257607 is divided by 1814?
19
What is the remainder when 5353 is divided by 1663?
364
Calculate the remainder when 208149 is divided by 8.
5
Calculate the remainder when 1168757 is divided by 174.
173
Calculate the remainder when 10539 is divided by 290.
99
Calculate the remainder when 1077113 is divided by 949.
947
Calculate the remainder when 199503 is divided by 5.
3
Calculate the remainder when 228469 is divided by 39.
7
What is the remainder when 70208 is divided by 17550?
8
What is the remainder when 37284 is divided by 12427?
3
What is the remainder when 1254 is divided by 114?
0
Calculate the remainder when 203218 is divided by 101.
6
What is the remainder when 2208 is divided by 10?
8
What is the remainder when 27663 is divided by 13?
12
Calculate the remainder when 1877 is divided by 40.
37
What is the remainder when 1697446 is divided by 107?
105
Calculate the remainder when 74493 is divided by 16.
13
Calculate the remainder when 25516 is divided by 1066.
998
What is the remainder when 353 is divided by 112?
17
What is the remainder when 220621 is divided by 251?
243
What is the remainder when 20967 is divided by 43?
26
What is the remainder when 239198 is divided by 23?
21
Calculate the remainder when 237657 is divided by 510.
507
What is the remainder when 714487 is divided by 67?
66
Calculate the remainder when 38146 is divided by 19073.
0
What is the remainder when 77038 is divided by 62?
34
Calculate the remainder when 21947 is divided by 77.
2
Calculate the remainder when 1830046 is divided by 32.
30
Calculat